{"id":7,"date":"2026-04-20T21:14:08","date_gmt":"2026-04-20T21:14:08","guid":{"rendered":"https:\/\/cfloresarquitectura.com\/?page_id=7"},"modified":"2026-04-20T21:14:52","modified_gmt":"2026-04-20T21:14:52","slug":"nosotros","status":"publish","type":"page","link":"https:\/\/cfloresarquitectura.com\/?page_id=7","title":{"rendered":"Nosotros"},"content":{"rendered":"<h3 data-section-id=\"b94dr6\" data-start=\"191\" data-end=\"235\"><span role=\"text\"><strong data-start=\"195\" data-end=\"233\">CFlores Arquitectura en Costa Rica<\/strong><\/span><\/h3>\n<p data-start=\"236\" data-end=\"288\"><strong data-start=\"236\" data-end=\"288\">Dise\u00f1o, Planos y Construcci\u00f3n de Espacios \u00danicos<\/strong><\/p>\n<p data-start=\"290\" data-end=\"491\">Creamos proyectos arquitect\u00f3nicos modernos, funcionales y adaptados a tu estilo de vida. En <strong data-start=\"382\" data-end=\"406\">CFlores Arquitectura<\/strong> transformamos tus ideas en espacios reales, combinando dise\u00f1o, t\u00e9cnica y eficiencia.<\/p>\n<p data-start=\"493\" data-end=\"643\">\u2714 Dise\u00f1o arquitect\u00f3nico personalizado<br data-start=\"530\" data-end=\"533\" \/>\u2714 Planos constructivos profesionales<br data-start=\"569\" data-end=\"572\" \/>\u2714 Remodelaciones y ampliaciones<br data-start=\"603\" data-end=\"606\" \/>\u2714 Acompa\u00f1amiento en todo el proceso<\/p>\n<p data-start=\"645\" data-end=\"719\">\ud83d\udcc5 <strong data-start=\"648\" data-end=\"680\">Agenda tu consulta hoy mismo<\/strong><br data-start=\"680\" data-end=\"683\" \/>\ud83d\udcf2 Cont\u00e1ctanos y empieza tu proyecto<\/p>\n","protected":false},"excerpt":{"rendered":"<p>CFlores Arquitectura en Costa Rica Dise\u00f1o, Planos y Construcci\u00f3n de Espacios \u00danicos Creamos proyectos arquitect\u00f3nicos modernos, funcionales y adaptados a tu estilo de vida. En CFlores Arquitectura transformamos tus ideas en espacios reales, combinando dise\u00f1o, t\u00e9cnica y eficiencia. \u2714 Dise\u00f1o arquitect\u00f3nico personalizado\u2714 Planos constructivos profesionales\u2714 Remodelaciones y ampliaciones\u2714 Acompa\u00f1amiento en todo el proceso \ud83d\udcc5 Agenda [&hellip;]<\/p>\n","protected":false},"author":1,"featured_media":0,"parent":0,"menu_order":0,"comment_status":"closed","ping_status":"closed","template":"","meta":{"_joinchat":[],"footnotes":""},"class_list":["post-7","page","type-page","status-publish","hentry"],"_links":{"self":[{"href":"https:\/\/cfloresarquitectura.com\/index.php?rest_route=\/wp\/v2\/pages\/7","targetHints":{"allow":["GET"]}}],"collection":[{"href":"https:\/\/cfloresarquitectura.com\/index.php?rest_route=\/wp\/v2\/pages"}],"about":[{"href":"https:\/\/cfloresarquitectura.com\/index.php?rest_route=\/wp\/v2\/types\/page"}],"author":[{"embeddable":true,"href":"https:\/\/cfloresarquitectura.com\/index.php?rest_route=\/wp\/v2\/users\/1"}],"replies":[{"embeddable":true,"href":"https:\/\/cfloresarquitectura.com\/index.php?rest_route=%2Fwp%2Fv2%2Fcomments&post=7"}],"version-history":[{"count":2,"href":"https:\/\/cfloresarquitectura.com\/index.php?rest_route=\/wp\/v2\/pages\/7\/revisions"}],"predecessor-version":[{"id":9,"href":"https:\/\/cfloresarquitectura.com\/index.php?rest_route=\/wp\/v2\/pages\/7\/revisions\/9"}],"wp:attachment":[{"href":"https:\/\/cfloresarquitectura.com\/index.php?rest_route=%2Fwp%2Fv2%2Fmedia&parent=7"}],"curies":[{"name":"wp","href":"https:\/\/api.w.org\/{rel}","templated":true}]}}